at is the greatest common divisor of k and n?
30
Let q be ((-9)/(-18))/(((-3)/(-2))/(-3)) + 245. Calculate the greatest common factor of q and 3050.
122
Let p be (-88)/(-154) + 53/(-7). Let u(m) = 29 + 10 - 11 - 5*m. Let j be u(p). Calculate the greatest common divisor of 7 and j.
7
Let z = -297 + 632. Let q = -314 + z. Calculate the highest common factor of 189 and q.
21
Let w(t) = -10*t - 34. Let v be w(-9). Suppose c - v = -15. Calculate the greatest common divisor of 451 and c.
41
Let o be 24/30 - (-292)/10. Let f(s) = s**3 - 39*s - o*s**2 + 39*s + 29*s + 8. Let q be f(29). What is the greatest common divisor of 104 and q?
8
Suppose 3*c - 2*c = 13. Let j(y) = 7*y - 298. Let r be j(43). Let z be (r/(-6) + 2)*(-312)/(-9). Calculate the highest common divisor of z and c.
13
Let y(j) = -28*j**3 + j**2 + 3*j + 1. Let s be y(-2). Let f = s - 325. Let d = f + 104. What is the greatest common divisor of d and 8?
2
Suppose 5*o = 2*i + 959 - 12361, 2*i - 11374 = -2*o. Calculate the greatest common divisor of 63 and i.
21
Let m be 4/(-2) - -81 - -1. Let k be 344 - (-5 + 11 + -3). Let t = k + -331. Calculate the greatest common factor of m and t.
10
Let m(q) = q**3 - 20*q**2 + 115*q + 4. Let p be m(8). Calculate the greatest common factor of p and 27.
3
Let x = 3977 - 3926. What is the greatest common factor of x and 1377?
51
Let s be -4 + 1 - (1 + -28). Suppose 0 = -2*y - 3*h + 54, 4*y - 2*y = -4*h + 54. Let x = y - 3. Calculate the greatest common divisor of x and s.
24
Suppose 3*m = -41*t + 44*t + 75, m - 17 = 2*t. What is the greatest common factor of m and 33?
33
Let s = -198 - -198. Suppose -10*q + 18*q - 512 = s. Calculate the highest common divisor of q and 704.
64
Suppose 2*v = v + 42. Suppose -2*l = 5*r - 2308, 96*l = -r + 91*l + 457. What is the highest common divisor of r and v?
42
Suppose z - 4*z = -4*g + 497, 4*z - 20 = 0. Let c = g - 118. What is the greatest common factor of 14 and c?
2
Suppose 2 - 326 = 18*w. Let v = 22 - -8. Let a = v + w. Calculate the greatest common divisor of a and 120.
12
Let g(s) = -s**2 - 22*s - 12. Let k be (4 + 65/10)*-2. Let m = -39 - k. Let u be g(m). Calculate the greatest common factor of 12 and u.
12
Suppose -3*q + 53*g - 52*g + 9481 = 0, 3*q + 2*g = 9496. Calculate the greatest common factor of q and 248.
62
Let l(x) = -x**2 - 11*x - 21. Let w be l(-8). Suppose w*k + 14 = 164. Calculate the greatest common factor of k and 325.
25
Let h(n) = -n**3 - 3*n**2 + n + 16. Let f be h(0). Let o be (-48)/28*-1*7. Let q be (-120)/(-3)*o/15. What is the greatest common factor of q and f?
16
Suppose 2*z - 5040 = 5*i, 3*z - 7575 = -6*i + 11*i. What is the greatest common divisor of 15 and z?
15
Suppose 2*s + 21 = 4*h - 13, 0 = 5*h + 4*s - 75. Let g(d) = 0 + h*d**3 - d + 7*d**3 + 2 - d. Let n be g(1). Calculate the highest common divisor of n and 9.
9
Let j(a) = 2*a + 2. Let t be j(1). Suppose t*n = -n + 340. Let f be (-6)/(n/(-16) + 4). What is the greatest common factor of f and 12?
12
Let x = -47 - -54. Suppose 250 = -3*r + x*r - 2*z, z = 5*r - 305. Suppose -5*u = -r - 10. Calculate the highest common factor of 126 and u.
14
Suppose -60 = -1305*u + 1301*u. Calculate the highest common factor of 75 and u.
15
Let t be (4/(-5))/(3/(-45)). Let b = -454 - -478. Suppose 5*s + 0*s - 3*j - 60 = 0, 3*j + b = 2*s. Calculate the highest common factor of s and t.
12
Suppose 3*i - 4*m - 75 = -2*m, -5*m = i - 25. Let k(d) = -d + 69. Let f be k(i). Let j be 3/(-5) + 817/95. Calculate the greatest common divisor of f and j.
4
Suppose -3*g + 5*g = -p + 135, 0 = p + g - 138. Calculate the greatest common factor of p and 3384.
141
Suppose -146*t = -93*t - 17384. What is the greatest common divisor of t and 152?
8
Let r be 6/4*69350/219. What is the greatest common divisor of 133 and r?
19
Let v be (10/(-6))/(5/15) - -11. Let o be (-1)/((-453)/75 + v). Let p(w) = w**2 + 7*w + 5. Let g be p(-7). Calculate the greatest common factor of g and o.
5
Let j(n) = n**2 - 8*n + 32. Let z be j(7). Let w be z/(-20)*(-12)/10*150. Let q be (-1 - 1/2)*-10. What is the greatest common divisor of q and w?
15
Let z(r) = 10*r**2 - 11*r + 23. Let h be z(2). Suppose -24529 = -30*c + h. Calculate the greatest common factor of c and 13.
13
Let s(y) = -y**3 + 51. Let m be s(0). Let f(l) = -4*l**3 - 80*l**2 - 86*l - 37. Let r be f(-19). What is the highest common factor of m and r?
51
Suppose -6*u - 232 = -7*u + 200. What is the highest common factor of u and 351?
27
Let a(z) = z**2 - 13*z - 326. Let k be a(-14). Calculate the highest common factor of 754 and k.
26
Let p = -44 - -47. Suppose 0 = -4*i - l + 88, 3*l + 33 = p*i - 18. Calculate the greatest common divisor of i and 231.
21
Let i be ((-130)/(-6))/(((-3)/9)/(-1)). Calculate the greatest common divisor of i and 3380.
65
Let r = 564 + -401. Suppose t - 3*m + r = 687, -5*t + 2650 = -5*m. Calculate the greatest common divisor of 39 and t.
13
Suppose 412 = 17*g - 93*g + 3604. Calculate the highest common divisor of 1533 and g.
21
Let i = -16 - -34. Let t = 0 + 17. Suppose -53 = -s - t. What is the greatest common factor of s and i?
18
Let t(x) = 3059*x - 2980. Let o be t(4). What is the greatest common factor of o and 8?
8
Suppose s - 46 = -2*p - 4*s, 4*s = 3*p - 46. Let h be 12*5/45 - (-1612)/6. What is the highest common factor of p and h?
18
Let v = 1236 - 374. Let o = v - 352. Suppose 0 = -13*y + 3*y + o. Calculate the greatest common factor of 17 and y.
17
Let j(u) = -9*u**3 + 266*u + 261*u + 9 - u**2 - 518*u. Let a be j(-3). What is the highest common factor of 48 and a?
24
Let y be (-582)/(-1455) + 118/5. Let i be (0 + 81)/(2/8). What is the highest common factor of i and y?
12
Let w(h) = h**2 + 7*h - 7. Let p be w(-8). Suppose p = -s + 11. Suppose 0 = 4*t - 6*t + s, 4*t + 43 = 3*o. Calculate the greatest common factor of 168 and o.
21
Let c be 2*(2 - 3 - -3). Let h = 74 - c. Let v = -3880 + 3890. Calculate the greatest common factor of h and v.
10
Suppose 110*y = 123*y - 4017. Let d = y + -303. Calculate the highest common divisor of d and 162.
6
Suppose 0 = -y - 3*c + 266 + 737, 4955 = 5*y - 5*c. What is the greatest common divisor of y and 4?
2
Suppose -4 = -2*y, 0*n = 3*n - 5*y + 76. Let d be 38 + (-7 - (8 + -9)) + -4. Let j = d + n. Calculate the greatest common divisor of j and 6.
6
Let w(x) = 15*x**3 + 7*x**2 + 13*x - 61. Let t be w(5). Calculate the greatest common divisor of t and 104.
26
Let w(b) = -22*b - 3. Let l be w(-3). Let n be 4/(-16) - (-1880)/(-32). Let g = l + n. What is the greatest common factor of g and 2?
2
Let i(m) = -2*m**3 + 3*m**2 + 16*m - 5. Let z be i(-3). Calculate the greatest common divisor of 100 and z.
4
Suppose 452 = d + d. Let o(q) = -249*q - 2672. Let i be o(-13). What is the greatest common factor of d and i?
113
Let k = -2566 + 2586. Suppose -3*w - 13 = 3*v - 46, -4*w + 26 = v. Let c be ((-300)/9)/((-1)/v). What is the highest common divisor of k and c?
20
Suppose 2*h - 126*c - 794 = -128*c, -2*h + 789 = 3*c. What is the highest common divisor of h and 18?
6
Let f(c) = -c**2 - 8*c + 69. Let l be f(-14). Let x be 24/(l/(-2) - 6). Calculate the highest common divisor of x and 20.
4
Let p(i) = -34*i - 5. Let f be p(-5). Let n(v) = -319 + 339 + 4*v - 3*v. Let c be n(-5). What is the highest common factor of f and c?
15
Suppose 20517*x = 20508*x + 2016. What is the highest common factor of 126 and x?
14
Let v be (-6564)/(-2) + -62 + 65. Calculate the greatest common factor of 75 and v.
15
Let r be -10 + (-29)/(116/(-328)). Let o be ((-54)/(-8))/((-3)/(-24)). What is the greatest common factor of r and o?
18
Suppose -4*w = -8, -h - w - 7 = -116. Suppose j - 8*l - 127 = -10*l, j = 2*l + h. Suppose -1 = -x + 12. Calculate the greatest common factor of j and x.
13
Let c be ((-740)/(-130))/(-37) - 57516/(-26). Calculate the greatest common factor of 28 and c.
28
Let x be 54/2 + -3 + -3. Suppose -x*a + 71 = -202. What is the highest common divisor of 104 and a?
13
Let b = 4269 + -4263. Let o be 2*(7 + 0/(-2)). Calculate the highest common factor of o and b.
2
Suppose 9*t - 10 = 5*t - 2*x, 5*x = t - 8. Suppose 5*f = -t*n + 92, 3*f - 7*f - n + 75 = 0. Calculate the highest common divisor of f and 323.
19
Suppose 378447 + 305940 = 93*n. What is the greatest common d